 + 4. Suppose -25*j - 30 = -130. Calculate i(j).
-4
Suppose 13*t - 15 = 8*t + 5*a, 5*a = 10. Let b(n) = 3*n - 10. Calculate b(t).
5
Suppose 4*t - 4 = 5*t. Let s(z) = -4 + 21*z - 4 + 5 + z**2 - 20*z. Determine s(t).
9
Let j(r) = 14*r - 77. Let w(g) = -4*g + 18. Let s(v) = -2*j(v) - 9*w(v). Give s(6).
40
Suppose 5*m - 1 = 3*x - 19, -4*x + 24 = 5*m. Let k(y) be the first derivative of -6*y + 1/4*y**4 - 2*y**3 + 2*y**2 - 2. Calculate k(x).
18
Let y be (-2 - -5 - 2)*2. Suppose 8 = y*f - 6. Suppose -2*m + 5*n + f = 0, 3*n = 3*m - 0*n - 6. Let h(x) = 12*x**3 + x**2 + x - 1. Calculate h(m).
13
Let p(b) = -b**2 + 5*b - 8 + 0*b + 10. Give p(3).
8
Let g(l) = -2*l**2 + 7*l + 1. Let a be g(4). Let j(r) = r + 8. Let f be j(-8). Let d(h) = 4*h**2 + f + 3*h - 5*h**2 + 2 - 5*h. Give d(a).
-1
Let u(d) = -2*d. Let f(t) = -4*t - 2. Suppose 0 = -8*k - 42 + 18. Let b(s) = k*f(s) + 5*u(s). Let a be -1*2*(-14)/(-4). Give b(a).
-8
Let u(a) = 8*a - 49. Let l be u(7). Let j(y) = -y**3 + 8*y**2 - 6*y - 4. Calculate j(l).
3
Let d(g) be the second derivative of -g**5/20 + g**4/3 - g**2/2 - 708*g. Calculate d(4).
-1
Let m(g) = 48*g**2 + 22*g - 8*g + 11 - 9*g**2 - 38*g**2. What is m(-13)?
-2
Let n be -6 - (-13 - -3) - -6. Let c(d) = d**3 - 6*d**2 - 40*d + 6. What is c(n)?
6
Let l(a) be the first derivative of a**2 - a + 106. Let g be -2*(-12)/3*2. Suppose -3*r - 30 - 2 = -5*p, 0 = r + 5*p - g. Calculate l(r).
-9
Let a(u) be the second derivative of u**5/20 - 7*u**4/12 + u**3/6 + 3*u**2/2 + 5*u + 1. Let f be 1*(54/8 - 5/(-20)). Determine a(f).
10
Let p(v) = v**2 - 9*v + 6. Let s = 26 + -32. Let b = 1 - s. What is p(b)?
-8
Suppose 4*g + 9 - 1 = -2*y, 4*y - 2 = -2*g. Let b = -4 - -6. Let x(d) = d**b - 2*d**2 + 0*d**y - 2*d + 3. What is x(-4)?
-5
Let s(a) be the second derivative of a**4/12 + 5*a**3/6 - 7*a**2/2 + 5*a - 3. Suppose 0 = 5*q + o + 30, o + 15 = -2*o. What is s(q)?
-7
Let t(i) = 3*i**2 - 2*i + 3. Suppose 3*r = 8*r - 430. Suppose 3*o - r = -80. Calculate t(o).
11
Let i(l) = l**2 - l - 6. Let c(f) = f**2 - 2*f - 7. Let z(k) = -5*c(k) + 6*i(k). What is z(3)?
20
Let t(z) = z**2 - 7*z + 1. Let h(y) = -y**3 - 6*y**2 - 6*y + 1. Let v be h(-5). Give t(v).
-5
Suppose -s - 11 = -2*o - 5, 2*s - o = 0. Let i(j) = 0*j - 8*j + s*j. Determine i(-2).
12
Let r(g) = g**3. Let w(t) be the second derivative of 3*t**5/10 - 7*t**4/12 + 4*t**3/3 + t**2/2 - 6*t. Let p(s) = 5*r(s) - w(s). Give p(6).
-13
Suppose 0 = -f - 4*w - 1, -2*f + 0*w + 13 = 3*w. Suppose -h + f - 13 = 0. Let a(d) = -d**3 - 3*d**2 - 3*d - 1. Calculate a(h).
1
Let d(x) = -x**3 + x**2 + 2*x + 2. Suppose 0 = -y - 2*s - 3*s + 75, 2*y + 5*s - 175 = 0. Let b be 1/(y/48 + -2). Suppose -b = -2*q - 2*q. Calculate d(q).
-10
Let r(z) = -19*z**2 + 19*z - 17. Let u(d) = 12*d**2 - 12*d + 11. Let w(g) = 5*r(g) + 8*u(g). Let p be 15 + -19 + 1*4. Determine w(p).
3
Let j(u) = 27*u**3 + 10*u - 3 - 11*u**2 + 7 - 56*u**3 + 30*u**3. Give j(10).
4
Let d(s) be the first derivative of -s**4/4 - s**2/2 - 28*s - 204. Calculate d(0).
-28
Suppose -2*i = 5*o - 11, -5*i + 2*o + 12 = -o. Let b(l) = 3*l**2 + l - 1. Let t(h) = -2*h**2 - 2*h + 1. Let k(d) = -3*b(d) - 4*t(d). Determine k(i).
5
Let q(z) be the third derivative of -z**4/12 - z**3/2 - 3*z**2. Let c = -35 + 68. Suppose -5*m = -8 + c. Calculate q(m).
7
Let q = -2676 + 2670. Let p(l) = -l**3 - 8*l**2 - 6*l - 14. Give p(q).
-50
Let g(a) = a**2 - 13*a + 11. Let b = -44 - -56. What is g(b)?
-1
Let i(z) = 7*z**3 - 8*z**2 - 8*z - 7. Let m(c) = 4*c**3 - 4*c**2 - 4*c - 4. Let t(v) = -3*i(v) + 5*m(v). Give t(4).
17
Let d(l) = -5*l**3 - l**2 + 1. Let b(x) = -x + 7. Let m be b(6). What is d(m)?
-5
Let o(i) = -3*i + 5. Let q be o(2). Suppose f + 18 = 4*f - 3*t, -4*f - 5*t + 33 = 0. Let w(h) = -4*h + 7*h + f*h + 1. Give w(q).
-9
Let x(a) = -a**3 - a**2 + 20. Let y be x(0). Suppose -3*g = -v - g + 10, -3*v + 4*g = -y. Let k(c) = -3 + 1 + 0*c + 3*c + v*c - c**3. What is k(2)?
-4
Let s = -315 + 312. Let w(z) = -2*z**2 + 2*z - 1. Determine w(s).
-25
Let f be (3 + -29)*(-1)/(-2). Let l(a) = 830*a**3 - 14*a - 13 - 4 - 14*a**2 - 831*a**3. What is l(f)?
-4
Let x(w) = -82 + 55 - 15*w + 16*w. Give x(8).
-19
Let t(n) = -5*n**2 - 11*n + 3. Let s(q) = -3*q**2 - 5*q + 1. Let z(u) = -7*s(u) + 4*t(u). Let c be 5 - ((1 - 0) + 6 - 7). What is z(c)?
-15
Let b be 3/4*(11 + -3). Let w(o) = 2*o + 8. Let c(z) = z + 4. Let x(a) = -13*c(a) + 6*w(a). Give x(b).
-10
Let j(a) be the third derivative of -7/360*a**6 + 1/120*a**5 + 0*a + a**2 + 0 + 1/24*a**4 + 1/3*a**3. Let b(y) be the first derivative of j(y). Give b(-1).
-7
Let l(y) = 2*y - 25. Let i be l(10). Let s(b) = 7*b - 12. Let n(z) = -6*z + 11. Let v(j) = i*n(j) - 4*s(j). Give v(5).
3
Let i(f) be the third derivative of 5/6*f**3 + 0 + 1/24*f**4 - 1/120*f**5 + 0*f + 8*f**2. Let o(d) be the first derivative of i(d). Determine o(2).
-1
Let c(b) = -9*b**3 - 1. Let m(h) = 9 - h + 0 + 0*h - 1. Let q be m(7). What is c(q)?
-10
Suppose -2*p = 0, -2*p = 2*b + 2*p - 46. Let v(z) = b - 10 - 6 + z. Let k be v(-3). Let a(x) = -x - 4. Calculate a(k).
-8
Let z be -2*(-8)/((-48)/9). Let k(a) = -a**3 - 3*a**2 + 5*a + 3. Determine k(z).
-12
Let g(j) be the third derivative of -1/2*j**3 - 14*j**2 + 1/60*j**5 + 0*j - 1/24*j**4 + 0. Give g(-4).
17
Let j(s) be the first derivative of s**2/2 + 15*s - 61. What is j(-11)?
4
Let h(w) = w**2 + 11*w + 14. Let f be h(-10). Let u(m) = -7*m + 9*m**2 + 1 - f*m**2 - m**3 + 6*m + 4. Calculate u(4).
17
Let j = -2953/6 - -1969/4. Let u(q) be the second derivative of 0 - 9/2*q**2 - 3/2*q**3 - 5*q - j*q**4. Determine u(-8).
-1
Let d(v) = 0 + 1 - 5*v + 0*v. Let j be 2/((-1 + -1)*7/(-14)). Calculate d(j).
-9
Suppose -2*z + 2*x - 2 = 0, 5*z + 0 = -x + 1. Suppose -6*i + i + 5 = z. Let m(n) = n + 0*n + i + 2*n. What is m(1)?
4
Let i(x) = -7270 + 2*x - 3*x + 7274. What is i(5)?
-1
Let f = -46 + 52. Let k(x) = -5 - 5*x + 8*x + 4 - f*x. What is k(2)?
-7
Let x = -143 + 146. Let p(o) = -o**3 + 3*o**2 - 1. Give p(x).
-1
Let s(q) be the third derivative of -q**7/2520 - q**6/120 - q**5/24 + q**4/3 - 16*q**2. Let i(k) be the second derivative of s(k). What is i(-7)?
-12
Suppose -3*o = -5*o - 6. Suppose 5*p - 15*p + 640 = 0. Let d(f) = -2 + p*f - 63*f + 3. What is d(o)?
-2
Let k be (-19)/5 + (-18)/15. Let w(m) = m**2 - 1. Let f(b) = 3*b**2 + 3*b - 6. Let r(d) = -f(d) + 2*w(d). Determine r(k).
-6
Let d be 2/10 + ((-18)/15 - -3). Suppose 3 = -4*z - n - 2, -3*z = d*n + 10. Let p(x) be the second derivative of -x**4/12 + x**3/6 - x**2/2 - 4*x. What is p(z)?
-1
Suppose 2*p - 25 = -29. Let z(g) = -3*g**3 - 28*g**2 + 4*g - 16. Let m(c) = -c**3 - 9*c**2 + c - 5. Let y(d) = p*z(d) + 7*m(d). What is y(-7)?
4
Let m(b) be the second derivative of -8*b**3/3 - b**2 + 675*b. What is m(-4)?
62
Let i(y) = 2*y**2 - 2*y - 3. Let b(h) = -2*h**2 + 3*h + 4. Let l(g) = -4*b(g) - 5*i(g). Calculate l(-3).
-13
Suppose -19 = 6*l + 59. Let f = -11 - l. Suppose s - f*o + 1 = 2, -8 = 2*o. Let g(b) = b - 3. Determine g(s).
-10
Let n(y) be the second derivative of -y**5/20 + y**4/2 - y**3/3 - 7*y**2/2 - 11*y. Calculate n(5).
8
Let i(p) = -p**2 + p + 16. Let d(v) = 2*v**2 - 3*v - 31. Let f(k) = 6*d(k) + 10*i(k). Let x(y) be the first derivative of f(y). Give x(6).
16
Let i(r) = 769*r**3 - 7*r + 19*r**2 - 2 - 388*r**3 - 383*r**3. What is i(9)?
16
Let g(i) = 8*i - 8. Let l(a) = -15*a + 15. Let w(m) = -2*m - 31. Let u be w(-11). Let v(o) = u*g(o) - 5*l(o). What is v(2)?
3
Let n be 4 - 4 - (-12 - 2). Suppose -25 = 9*d - n*d. Let k(m) = 1 - 6*m + d*m - 7. Give k(0).
-6
Let x be -1 + 1 - (9 + -8). Let k be (0 + x)/2*4. Let c(n) be the first derivative of -3*n**2 + n + 16. Calculate c(k).
13
Let i(f) = f**2 + 5*f + 4. Let x(m) = 3*m - 14. Let s(q) = -q - 1. Let g(k) = 2*s(k) + x(k). Let n be g(12). Determine i(n).
0
Let o = 21 - 24. Let l(f) = f + 1. Let p(c) = -c - 1. Let t(g) = o*l(g) - 2*p(g). Determine t(3).
-4
Let h be ((-20)/5 + 2)*(-93)/6. Suppose 71 = -4*l + h. Let m(x) = x**2 + 10*x + 2. Calculate m(l).
2
Let j be ((-12)/9)/(6/(-9)). Let v(g) = -j*g - 2 + 2 + g**2 - 2. Suppose -16 = 22*n + 50. Determine v(n).
13
Let v(n) = n + 1. Suppose 2*u = 5*s - 15, 4*s + 3*u + 0*u = -11. Let f(d) = 20*d + 15. Let g(m) = s*f(m) - 15*v(m). What is g(-1)?
-5
Let w(h) = 28*h**2 + h - 4*h**2 - 10*h**2 - 13*h**2 + 13*h**3.